*2/2 - 3*w. Let o be y(-6). Let u(p) = p**3 + p**2 - 1. What is u(o)?
-1
Let n(i) be the third derivative of -i**5/60 - i**4/4 + 2*i**3/3 - i**2. Let q(y) = -y**3 + y + 2. Let g be q(2). Determine n(g).
12
Let q = -9 + 10. Let f(r) = -q + 0*r**2 - 3*r - 3*r**2 + 2*r - 4*r**3 + 3*r**3. What is f(-3)?
2
Suppose 0 = 10*a - 5*a - 2*a. Let y(h) be the second derivative of -h**3/6 + h**2 + h. Determine y(a).
2
Let b(l) = -l**2 - 4*l + 5. Let n be (-31)/7 + (-45)/(-105). What is b(n)?
5
Suppose 2*i + 3*i = -3*h - 14, -10 = h + 3*i. Let z(y) = -y + h + 0*y + 3 - 6. Give z(1).
-2
Let y(n) = -3*n**2 + n. Let f(c) = c**2 + 3*c + 3. Let z be f(-2). Give y(z).
-2
Suppose -4*q + 2*g - 13 = -3*q, 2*g + 8 = -2*q. Let r(f) = f**2 + 6*f + 3. Calculate r(q).
10
Suppose 4*l + 4*t - 4 = 0, -6*l + 3 = -3*l - t. Let b(j) be the first derivative of j**2 - j - 84. Determine b(l).
1
Let u(z) = -z**3 + 5*z**2 - 5*z - 2. Suppose a = 5 - 1. Calculate u(a).
-6
Let s(r) = -3*r - 3. Suppose 3*d = 6, 4*d - 24 = -4*b + 2*d. Let g(z) = 0*z + 2*z - 4*z - 2. Let o(v) = b*g(v) - 3*s(v). What is o(-2)?
1
Let z(f) be the first derivative of 1/4*f**4 + 3/2*f**2 + 1 + 4/3*f**3 + 0*f. Determine z(-3).
0
Let x(w) = -2 + w**2 + 2*w + 7 + 1 - 5. Let y = -1 - 1. Calculate x(y).
1
Let d(t) = t**3 + 4*t**2 - 2. Suppose -v - z = 0, -z = 3*v - 4*z + 12. What is d(v)?
6
Suppose -7 = -3*d - 2*m, 2*d + 3*d + 20 = 3*m. Let o be 2*(-2 - -1) - -2. Let p be -1 - (o + d - -1). Let v(q) = 4*q**3 + 2*q**2 + q. Determine v(p).
-3
Let z(c) = -1 - 5*c + 2 - 1. Let u be z(1). Let v(m) = m**2 + 6*m - 1. Determine v(u).
-6
Let k(h) = -h**3 + 5*h**2 + 8 - 3*h + 0*h - 2. Let b = -3 + -5. Let j be 1 + -3 + (-1 - b). Give k(j).
-9
Let p be 1/(-2) - (-5)/2. Let h(i) = -3*i**2 - 2*i**p + 3 + 7*i**2 - i**2 - 6*i. Let m(d) = -d**3 - d**2 + 1. Let l be m(-2). Give h(l).
-2
Let h(r) = -r - 1. Let a(u) = 3*u - 2. Let w(o) = -a(o) - 4*h(o). What is w(0)?
6
Let l(i) = -i**3 + i - i**3 + 0*i + 6. Let f(n) = n**2 - 10*n + 10. Let w be f(8). Let b(j) = j**3 - j - 7. Let d(q) = w*l(q) - 5*b(q). What is d(-1)?
-7
Let t(b) = -b**2 + b - 2. Let w be t(0). Let h(p) = -p**2 + 10*p + 0*p**3 - 9*p - 4 + 2 - p**3. What is h(w)?
0
Let n be (8 - -1)*1/3. Suppose -5 = -n*a - 2*a. Let l(u) = -u**2 + 3*u - 1. Calculate l(a).
1
Let y(b) = 6*b - 5*b + 0*b + 1. What is y(-3)?
-2
Let s(l) = -4*l**2 + 3*l. Let j = 159 + -157. Determine s(j).
-10
Let g(k) = -4*k + 4. Suppose -16 = -4*d + 5*i, 2*d + i - 20 = -3*d. Determine g(d).
-12
Let k(d) = -d**2 - 4*d + 1. Let m = 6 - 4. Let u = m - 0. Suppose 0 = -3*g - 11 + u. Calculate k(g).
4
Let u(h) = h**3 - 6*h**2 - 7*h - 12. Let g(d) = -2*d**3 + 13*d**2 + 15*d + 24. Let b(v) = -6*g(v) - 13*u(v). Determine b(0).
12
Let a(q) = -102*q**2 + 5 + 0*q + 97*q**2 + 4*q - q**3 + 4*q. Give a(-6).
-7
Suppose -1 = -3*d + a + a, a + 5 = -3*d. Suppose -2*h = 2*h. Let y(s) = 3*s + h*s + 5*s - 7*s. What is y(d)?
-1
Let k(o) be the second derivative of -o**4/12 + 5*o**3/6 - o**2/2 - 12*o. Give k(6).
-7
Suppose -3*b = -8*g + 3*g - 7, 3*b - 2*g = 1. Let o(l) = 6*l**3 - l**2 + l + 1. Determine o(b).
-7
Suppose 5*d + 0 = 5. Let h be -5 + -1 + -1 + d. Let w(c) = c**3 + 7*c**2 + 6*c - 7. Determine w(h).
-7
Let r(y) = -y**3 - 5*y**2 - 4*y - 4. Let m be (-4 - (-18)/15) + 1/(-5). Determine r(m).
-10
Let h = 5 + 1. Suppose 0*p = 2*p + h. Let s(z) = z**2 - 3. Calculate s(p).
6
Let t = 8 + -3. Let d(z) = -5*z**3 - 4*z**2 - 13*z - 1. Let u(i) = 4*i**3 + 4*i**2 + 12*i. Let v = 10 - 16. Let o(y) = v*u(y) - 5*d(y). Give o(t).
-5
Let k be ((-2)/(-5))/((-1)/(-15)). Let h(o) be the second derivative of o**4/12 - o**3/2 - 5*o**2/2 - 21*o. Give h(k).
13
Let u(z) = z**2 - 4. Suppose j - 2 = -2*p - 6, 3*p = -9. Suppose 4*s - 5*m = j, -s + 4*s = -m + 11. Determine u(s).
5
Let o(h) = -h**2 + 1 - 10*h**3 + 4*h**3 - h + 3*h**3. Suppose 0 = 4*l - 5*z - 4, 5*z = 5*l - 4*l - 1. Calculate o(l).
-4
Let o(y) = y**2 - 6*y - 2. Let z(l) = -l**3 - 7*l**2 - l - 3. Let g be z(-7). Give o(g).
-10
Let a be 48/22 - 4/22. Suppose a*v + 49 = 3*q + 9, 4*q = v + 45. Let u = 11 - q. Let g(f) = -4*f. Give g(u).
-4
Let p(l) = l**2 - 4*l + 6. Let n be p(4). Let o = n - 10. Let m be (o/3)/((-3)/(-9)). Let h(j) = -j**2 - 5*j - 3. What is h(m)?
1
Let p(h) = -2*h - 1. Let f be (0 - 4)*(-3)/6. Suppose 0 = -c + f*c - 4. Suppose -2*l = 3*s + 16, -3*s - 12 = -c*l + 2*s. Determine p(l).
3
Let r(u) = u**2 + 2*u - 3. Let b be r(-3). Let s(c) = c + 4. What is s(b)?
4
Let w(u) = -4*u**3 - 2*u**2 - u - 4. Let r(p) = p**3 - p**2 - 1. Let j(y) = 3*r(y) + w(y). What is j(-5)?
-2
Let t = 46 + -45. Let v(k) = 2*k. Give v(t).
2
Suppose -3*a + 0 = -u - 5, 0 = -2*a + 4*u. Let p(i) = i**2 - 6*i - 2. Let s(w) = 5*w**2 - 31*w - 11. Let x(b) = 11*p(b) - 2*s(b). What is x(a)?
-4
Let j(p) = 5*p - 1. Let g(r) = 14*r - 3. Let b(u) = 6*g(u) - 17*j(u). Let m = -4 - -4. What is b(m)?
-1
Let m = -1/92 + 6/23. Let u(l) be the first derivative of -1/2*l**2 + m*l**4 - l - l**3 - 2. Calculate u(3).
-4
Suppose 3*u - 3 - 3 = 0. Suppose -11 = r - 5*h, 0 = 3*r + 3*h - 4*h - 9. Suppose r*k = 2*k + u. Let l(n) = 5*n + 1. Give l(k).
6
Let f(h) = -h**2 + 4*h. Let c be -3 - -4 - 1*2. Let l(y) = -6*y**3. Let z be l(c). Give f(z).
-12
Let g(c) = -2*c + 7. Let o(d) = d**2 - 5*d + 6. Let t be o(6). Suppose a - t = 3*y, 5*y - 14 = -2*a - 2*a. Determine g(a).
-5
Let d be (1/(-3))/((-2)/36). Let t(m) = -m**3 + 6*m**2 + 2*m + 3. What is t(d)?
15
Let a(o) = -o**3 + 4*o**2 + 2*o + 6. Let k be (5 + -20)*8/(-6). Let n = k - 15. Give a(n).
-9
Let x(u) = u - 5. Let t be x(6). Let c(f) be the third derivative of f**5/60 + f**3/6 - 2*f**2 - 74*f. Determine c(t).
2
Let s(f) = -f + 1. Let r(b) = 2*b - 6. Let p(q) = r(q) + 3*s(q). Let x(u) = -u - 1. Let i be x(-7). Suppose 0*d - i = -2*d. Determine p(d).
-6
Let u(o) be the first derivative of o**4/4 + 4*o**3/3 + 2*o - 10. Let i be (-7)/2 + (-1)/2. Give u(i).
2
Let u(g) = -g + 14. Let v(z) be the third derivative of 5*z**3/6 + 5*z**2. Let p(n) = -4*u(n) + 11*v(n). Give p(1).
3
Suppose -4*d - 16 = -0*d. Let m(h) = -41*h + 18*h + 22*h - 1. Calculate m(d).
3
Suppose 4*i = -10 - 2. Let u(r) = -3*r**2 + r + r**3 - 3*r**2 + 10*r**2 - r**2. Calculate u(i).
-3
Suppose 2*v - 3*v + 5 = 0. Let r(j) = j + v - 5. Let c = 3 - 6. Give r(c).
-3
Let d = 18 + -11. Let u(r) = r**2 - 9*r - 14. Let f be u(10). Let h = f + d. Let m(n) = -n**2 + 5*n - 2. Determine m(h).
4
Let h = -1 + -7. Let y = h + 7. Let r(g) = -2*g. Let k(u) = 3*u. Let c(w) = -3*k(w) - 7*r(w). What is c(y)?
-5
Suppose 0*p = 2*p - 6. Let r be -2 - p*(-8)/6. Let x(a) be the third derivative of a**4/24 + a**3/6 - a**2. Calculate x(r).
3
Let t(p) = -p**2 + 10*p - 5. Let o be t(10). Let n(r) = -7*r**3 + 2*r**2. Let y(x) = -3*x**3 + x**2. Let z(s) = o*y(s) + 2*n(s). Give z(1).
0
Suppose -b = 3*v - 1 + 7, b = v + 6. Let k(i) = 3*i + 2. Calculate k(v).
-7
Let l = -2 - 0. Let y be l*((-75)/6)/(-5). Let a(d) = d**2 + 5*d - 1. Determine a(y).
-1
Let c = -1 + 3. Let b(w) = c + 3*w - 8 - w. Let s be (3 - 1 - 0) + 2. Give b(s).
2
Let t(h) = -h**2 + h. Suppose -2*v + 5*u + 4 = 0, 3*v - 7*v - u = -8. Suppose -b + 1 = -v*b. Determine t(b).
-2
Let y be 70/7*(-2)/(-4). Let d(q) = 7 - 4*q + q - 3*q + q**2. What is d(y)?
2
Let v(m) = -5*m**3 + 15*m**2 - 5*m - 17. Let d(r) = 3*r**3 - 8*r**2 + 2*r + 9. Let l(j) = -7*d(j) - 4*v(j). Let p be l(-5). Let k(u) = u + 5. Give k(p).
5
Let r be -2 - (-4)/((-8)/(-6)). Let y(l) = r + 2*l - 1 - 2. Calculate y(2).
2
Let f(s) = -5*s**3 - 3*s**2 - 5*s - 19. Let c(j) = 6*j**3 + 4*j**2 + 6*j + 18. Let t(o) = -4*c(o) - 5*f(o). Determine t(0).
23
Let q be 4*(4/(-8))/(-1). Suppose -3*y + 4*l + 34 = 0, -q*y - 5*l = y + 2. Let z(d) = -d**3 + 5*d**2 + 7*d + 2. Give z(y).
8
Let v(i) = 0 + i + 5 - 1 - 5. Suppose -u - 5*x - 15 = 8, 5*u + x = 5. What is v(u)?
1
Let p(b) = -b**2 + 10*b + 16. Suppose 0 = 5*q - 10, -4*q + 6 = 2*z - 24. What is p(z)?
5
Let d(m) be the third derivative of -m**4/12 - m**3/3 + m**2. Calculate d(-4).
6
Let l be (10/4)/(4/(-8)). Let v be (1 - 2)/(1/4). Let n = v - l. Let q(d) = -7*d**2 + 2*d - 1. Determine q(n).
-6
Let k(g) = -4*g + 1. Let r(u) = -11*u + 2. Let j(i) = 8*k(i) - 3*r(i). What is j(-8)?
-6
Let x(i) be the first derivative of 2*i**3/3 + 2*i**2 - i + 35. Calculate x(-3).
5
Let l(g) = -g**3 +